 -z**6/120 + z**5/12 - z**4/12 + z**3/3 - 2*z**2. Let s be w(4). Calculate the highest common divisor of s and 30.
10
Let y(t) = -79*t**3 - t. Let s be y(-1). Calculate the greatest common divisor of 16 and s.
16
Let c(f) = 3*f**2 + 15*f - 2. Let r be c(-6). What is the greatest common factor of 40 and r?
8
Let c be (1/3)/((-7)/(-336)). What is the greatest common divisor of 16 and c?
16
Let w = 55 - -26. What is the highest common factor of w and 9?
9
Let c = -49 - -69. Calculate the highest common divisor of c and 16.
4
Suppose 18*j - 17*j = 30. Calculate the highest common divisor of 390 and j.
30
Suppose 2*l - 2*i = 6*l - 24, -2*l + 12 = 4*i. Suppose -18 = -l*p + p + 2*z, 4*z = p. Suppose -p*g + 18 = -26. What is the greatest common factor of 99 and g?
11
Suppose -2*p - 3*p + 10 = 0. What is the greatest common factor of p and 14?
2
Let n(b) = -3 + 0*b**2 + 2 - 2*b**2 - b**3 + b. Let f be n(-2). Let u be (-660)/18*f/2. Calculate the greatest common divisor of 5 and u.
5
Let n(q) = -q**3 - 7*q**2 - 10*q - 13. Let a be n(-9). Suppose -3*b = -2*l - a, -7*b + 2*b + l = -403. Calculate the greatest common divisor of 9 and b.
9
Suppose -a + 36 = 3*a. Let w(c) = -9*c. Let q(l) = 2*l**3 + 2*l**2 - l + 1. Let b be q(-2). Let p be w(b). What is the highest common factor of p and a?
9
Let l(k) be the third derivative of k**6/120 - k**5/6 + k**4/2 - k**3/3 - 3*k**2. Let g be l(9). Calculate the greatest common factor of 225 and g.
25
Let p be (-2)/7 - 16/(-7). Let k(x) = -x**3 + x**2 - 2. Let t be k(p). Let y be ((-3)/9)/(2/t). What is the highest common factor of 3 and y?
1
Let c(g) = g**2 + g - 3. Let r be c(-4). Suppose 0*a = -2*a - 4*t - 24, -12 = 2*a - 2*t. Let d = r + a. Calculate the highest common factor of d and 1.
1
Let m(i) = -i**2 + 21*i - 2. Let q be m(8). What is the greatest common divisor of q and 17?
17
Let c be ((-38)/(-4))/(3/6). Let o be 1*(c - (4 + -3)). Calculate the highest common factor of o and 2.
2
Suppose 3 = 3*c + 18. Let r be (4/(-10))/(2/10). Let i = r - c. What is the greatest common divisor of i and 6?
3
Let b be ((-5)/2)/(3/6). Let k = -2 - b. Suppose w = -k*w + 4. What is the greatest common divisor of w and 1?
1
Let l(c) = 62*c. Let b be l(1). Suppose f - 122 = -4*r, -2*r + 0*r = f - b. What is the highest common factor of r and 12?
6
Let g = 15 + -7. Let m be 6/g + (-61)/(-4). Let k be 5*(-32)/((-4)/2). What is the greatest common factor of m and k?
16
Let p = -4 + 4. Suppose 5*f - 25 = 0, p = -3*k + 2*k + f - 6. Let z be 3 - -18 - (k - 0). What is the highest common factor of 11 and z?
11
Let a be (27 - (-6 - -3))/(2*1). Calculate the highest common divisor of 30 and a.
15
Let v = -1 - -5. Let m(n) = n**2 + 2*n + 4. Let g be m(4). What is the highest common factor of v and g?
4
Suppose -114 + 45 = -l. Calculate the greatest common factor of 23 and l.
23
Suppose 5*s = -l + 4*l - 455, 2*l - s = 301. Suppose -307 = -5*n + 128. Let u = l - n. Calculate the greatest common factor of u and 7.
7
Let t = 20 - 113. Let c = 33 - t. What is the highest common divisor of 18 and c?
18
Let v(o) be the first derivative of o**3/3 + 3*o**2/2 + 2*o + 1. Let d be v(-3). Calculate the greatest common divisor of 1 and d.
1
Suppose -5*m + 0*m + 25 = 0. Suppose 0 = 4*u - 16, m*a = u + 6 - 0. Calculate the highest common divisor of a and 5.
1
Suppose 5*s = -3*h + 326, -3*s - s - 5*h + 266 = 0. What is the highest common factor of s and 16?
16
Suppose 72 = f + 3*t, 164 = 3*f - t - 12. Suppose -y = 5*y - 60. Calculate the greatest common divisor of y and f.
10
Suppose 132 = 5*g - 43. Suppose g = 2*i - 5. Calculate the greatest common divisor of i and 100.
20
Let m(i) = -27*i - 10. Let l be m(-13). Calculate the greatest common factor of l and 31.
31
Let z = -92 + 140. What is the highest common factor of 12 and z?
12
Let r(o) = -626*o**3 + 2*o + 1. Let w be r(-1). Suppose 2*a + a - w = -4*d, 0 = -4*d - 5*a + 631. Calculate the highest common factor of 14 and d.
14
Let z = 2 + -1. Let t be (-2)/(1/(5/(-2))). Suppose 2*h = 7*h - t. What is the greatest common factor of h and z?
1
Let i(z) = z**3 - 12*z**2 + 2*z - 12. Let x be i(12). Let q(d) = d**3 - d**2 + 30. Let l be q(0). Calculate the greatest common factor of l and x.
6
Let f = -45 + 85. Suppose 5*p + 30 = 5*n, 3 = -2*n - n - 4*p. Let r(k) = k**2 + 3*k - 2. Let l be r(n). What is the greatest common divisor of l and f?
8
Let o(k) = 14*k + 3. Let s be o(-2). Let l be (20/s)/(2/(-5)). Suppose -2 = n, l*q - 1 = -2*n + 1. Calculate the highest common divisor of q and 3.
3
Suppose 4 = -6*n + 2*n. Let u(o) = 18*o**2 + o + 1. Let f be u(n). Let z = 30 - -114. What is the highest common divisor of f and z?
18
Suppose -5*z - 4 = -9. Calculate the greatest common factor of z and 5.
1
Let d be (-2)/6 + 506/6. Suppose -3*j - 36 = -6*j. What is the highest common factor of j and d?
12
Let k = -11 - -83. Let v be 0/(-3) - k/(-2). What is the greatest common divisor of 18 and v?
18
Let v(r) = 2*r**2 + 1. Let k be v(2). Let i(u) = 6*u - 12. Let o be i(5). What is the highest common factor of k and o?
9
Let y = -60 + 115. Calculate the greatest common divisor of y and 22.
11
Let z be (-8)/(-20)*1*165. What is the greatest common divisor of 22 and z?
22
Let o = -6 + 6. Suppose z = -o*z + 55. Suppose 4*q = -q + z. Calculate the highest common factor of q and 44.
11
Let x be 23 - (24/11 - 8/44). Calculate the greatest common divisor of 399 and x.
21
Let u = 1 + -1. Let z(f) be the third derivative of -f**4/24 + 20*f**3 - 3*f**2. Let q be z(u). What is the greatest common divisor of q and 15?
15
Let u = -7 - -13. What is the highest common factor of u and 3?
3
Let s(h) = 4*h**2 + 6*h - 14. Let l be s(-7). What is the highest common divisor of 28 and l?
28
Suppose -3*d + 59 = -49. Calculate the greatest common divisor of d and 9.
9
Suppose 0 = -0*m + 4*m - 44. Let c(a) = -2*a. Let d be c(2). Let f be (-77)/(-2)*d/(-2). Calculate the greatest common divisor of m and f.
11
Let c be (-36)/(-15) + 4/(-10). Suppose 0 = c*l - 3*l + 28. Let w = l - 16. Calculate the highest common divisor of 8 and w.
4
Let v = -2 - -26. What is the highest common factor of v and 24?
24
Let v(a) = 96*a + 3. Let h(k) = -k + 1. Let c(u) = -4*h(u) + v(u). Let g be c(1). Let w be 3*(2 + 1 + 0). What is the greatest common divisor of g and w?
9
Let d(b) = b**2 + 16*b + 19. Let u be d(-15). What is the highest common factor of u and 16?
4
Suppose -203 = -2*u + 127. Let v be 2 + 67/5 + (-10)/25. Calculate the greatest common divisor of v and u.
15
Let q(i) = -i. Let j be q(4). Let a be ((-4)/(-4))/((-2)/j). Suppose -4*c + 78 = a. Calculate the highest common factor of 19 and c.
19
Suppose 90 = 33*y - 31*y. What is the greatest common factor of y and 9?
9
Let t be (0 - 1)/1*3. Let r be t/(-6)*1*12. Let y = 0 - -2. Calculate the greatest common divisor of r and y.
2
Let s be 36/20*(-2 - -7). Let j = 21 - s. What is the highest common divisor of j and 18?
6
Let q be -1 + 3*(-6 - -3). Let r be 8/20 - 156/q. Suppose -5*v + 248 = -312. What is the highest common divisor of r and v?
16
Let j(k) = 17*k**3 - k**2 - 3*k. Let m be j(2). Suppose -112 = -2*c - 2*c. Let s = c + -14. Calculate the greatest common factor of s and m.
14
Let n be 21/(28/4)*(-9)/(-1). What is the greatest common factor of 9 and n?
9
Suppose -6*k + 4*k = -8. Let b be (-183)/(-6) + (-2)/k. Let u be b/8 + (-4)/(-16). Calculate the highest common factor of u and 8.
4
Let x = 12 + 0. Let h be (-2)/6*0 - -9. Let o = 21 + h. What is the greatest common divisor of o and x?
6
Let o be (-3)/(3/(-4)) + 8. Let g be 322/10 + o/15. What is the highest common factor of g and 11?
11
Suppose 2*x + 2*x = 52. Suppose -x*b = -12*b - 5. Suppose 3*f + i - 62 = 0, -f - 3*i + 16 = -5*i. Calculate the greatest common factor of b and f.
5
Suppose 4*u + 32 = 4*r, -4*r + 3*u + 19 = -8. What is the greatest common factor of 33 and r?
3
Suppose 86 = 2*y - 40. Suppose 5*w - y = -0*b - 4*b, 3*b = -w + 6. Let l = -37 - -52. What is the highest common divisor of w and l?
15
Suppose -5*k = -k + o - 75, -2*k = 2*o - 30. What is the greatest common factor of 4 and k?
4
Suppose -d + 5 = -6*d - 2*w, 2*w + 9 = -d. Let r = d + 0. Suppose 2*q - 3*u = -2, 4*u + 5 - 1 = 4*q. Calculate the greatest common factor o